{"id":115,"date":"2020-04-09T12:01:28","date_gmt":"2020-04-09T10:01:28","guid":{"rendered":"http:\/\/www.pyrenejskypes.cz\/domains\/pyrenejskypes.cz\/?page_id=115"},"modified":"2021-12-06T11:02:07","modified_gmt":"2021-12-06T10:02:07","slug":"vystavy","status":"publish","type":"page","link":"https:\/\/www.pyrenejskypes.cz\/domains\/pyrenejskypes.cz\/vystavy\/","title":{"rendered":"V\u00fdstavy"},"content":{"rendered":"\t\t<div data-elementor-type=\"wp-page\" data-elementor-id=\"115\" class=\"elementor elementor-115\" data-elementor-settings=\"[]\">\n\t\t\t<div class=\"elementor-inner\">\n\t\t\t\t<div class=\"elementor-section-wrap\">\n\t\t\t\t\t\t\t<section class=\"elementor-element elementor-element-9215d08 elementor-section-stretched elementor-section-boxed elementor-section-height-default elementor-section-height-default elementor-section elementor-top-section\" data-id=\"9215d08\" data-element_type=\"section\" data-settings=\"{&quot;stretch_section&quot;:&quot;section-stretched&quot;}\">\n\t\t\t\t\t\t<div class=\"elementor-container elementor-column-gap-default\">\n\t\t\t\t<div class=\"elementor-row\">\n\t\t\t\t<div class=\"elementor-element elementor-element-d8f6109 elementor-column elementor-col-100 elementor-top-column\" data-id=\"d8f6109\" data-element_type=\"column\">\n\t\t\t<div class=\"elementor-column-wrap  elementor-element-populated\">\n\t\t\t\t\t<div class=\"elementor-widget-wrap\">\n\t\t\t\t<div class=\"elementor-element elementor-element-e9afbf4 elementor-widget elementor-widget-eael-post-timeline\" data-id=\"e9afbf4\" data-element_type=\"widget\" data-widget_type=\"eael-post-timeline.default\">\n\t\t\t\t<div class=\"elementor-widget-container\">\n\t\t\t<div id=\"eael-post-timeline-e9afbf4\" class=\"eael-post-timeline\">\n\t\t    <div class=\"eael-post-timeline eael-post-appender eael-post-appender-e9afbf4\">\n\t\t\t\t<article class=\"eael-timeline-post eael-timeline-column\">\n                    <div class=\"eael-timeline-bullet\"><\/div>\n                    <div class=\"eael-timeline-post-inner\">\n                        <a class=\"eael-timeline-post-link\" href=\"https:\/\/www.pyrenejskypes.cz\/domains\/pyrenejskypes.cz\/2025\/12\/19\/iha-wels-2025-christmas-winner-7-12-2025\/\" title=\"IHA WELS 2025 &#8211; CHRISTMAS WINNER &#8211; 7.12. 2025\">\n                            <time datetime=\"19. 12. 2025\">19. 12. 2025<\/time>\n                            <div class=\"eael-timeline-post-image\" style=\"background-image: url(https:\/\/www.pyrenejskypes.cz\/domains\/pyrenejskypes.cz\/wp-content\/uploads\/2026\/02\/IMG_9584-300x225.jpg);\"><\/div><div class=\"eael-timeline-post-excerpt\">\n                                    <p>IHA WELS 2025 &#8211; CHRISTMAS WINNER &#8211; Wels, Austria &#8211;...<\/p>\n                                <\/div><div class=\"eael-timeline-post-title\">\n                                    <h2>IHA WELS 2025 &#8211; CHRISTMAS WINNER &#8211; 7.12. 2025<\/h2>\n                                <\/div><\/a>\n                    <\/div>\n                <\/article><article class=\"eael-timeline-post eael-timeline-column\">\n                    <div class=\"eael-timeline-bullet\"><\/div>\n                    <div class=\"eael-timeline-post-inner\">\n                        <a class=\"eael-timeline-post-link\" href=\"https:\/\/www.pyrenejskypes.cz\/domains\/pyrenejskypes.cz\/2025\/12\/16\/18-10-2025-kv-klub-pyrenejskych-plemen-brno-cz\/\" title=\"18.10. 2025 &#8211; KV Klub pyrenejsk\u00fdch plemen &#8211; Brno, CZ\">\n                            <time datetime=\"16. 12. 2025\">16. 12. 2025<\/time>\n                            <div class=\"eael-timeline-post-image\" style=\"background-image: url(https:\/\/www.pyrenejskypes.cz\/domains\/pyrenejskypes.cz\/wp-content\/uploads\/2026\/02\/IMG_9432-225x300.jpg);\"><\/div><div class=\"eael-timeline-post-excerpt\">\n                                    <p>CLUB SHOW &#8211; The Club of The Pyrenean Breeds, Klub...<\/p>\n                                <\/div><div class=\"eael-timeline-post-title\">\n                                    <h2>18.10. 2025 &#8211; KV Klub pyrenejsk\u00fdch plemen &#8211; Brno, CZ<\/h2>\n                                <\/div><\/a>\n                    <\/div>\n                <\/article><article class=\"eael-timeline-post eael-timeline-column\">\n                    <div class=\"eael-timeline-bullet\"><\/div>\n                    <div class=\"eael-timeline-post-inner\">\n                        <a class=\"eael-timeline-post-link\" href=\"https:\/\/www.pyrenejskypes.cz\/domains\/pyrenejskypes.cz\/2025\/09\/24\/21-09-2025-sumavska-mvp-klatovy-cz\/\" title=\"21.09. 2025 &#8211; \u0160umavsk\u00e1 MVP Klatovy, CZ\">\n                            <time datetime=\"24. 9. 2025\">24. 9. 2025<\/time>\n                            <div class=\"eael-timeline-post-image\" style=\"background-image: url(https:\/\/www.pyrenejskypes.cz\/domains\/pyrenejskypes.cz\/wp-content\/uploads\/2025\/09\/IMG_9321.1-222x300.jpg);\"><\/div><div class=\"eael-timeline-post-excerpt\">\n                                    <p>\u0160umavsk\u00e1 MVP, International Dog Show &#8211; 21.9.2025 KLATOVY, CZ Po...<\/p>\n                                <\/div><div class=\"eael-timeline-post-title\">\n                                    <h2>21.09. 2025 &#8211; \u0160umavsk\u00e1 MVP Klatovy, CZ<\/h2>\n                                <\/div><\/a>\n                    <\/div>\n                <\/article><article class=\"eael-timeline-post eael-timeline-column\">\n                    <div class=\"eael-timeline-bullet\"><\/div>\n                    <div class=\"eael-timeline-post-inner\">\n                        <a class=\"eael-timeline-post-link\" href=\"https:\/\/www.pyrenejskypes.cz\/domains\/pyrenejskypes.cz\/2025\/09\/01\/18-05-2025-47-internationale-rassehunde-ausstellung-cacib-rieden-kreuth-de\/\" title=\"18.05. 2025 &#8211; 47. Internationale Rassehunde-Ausstellung, CACIB, Rieden \/ Kreuth, DE\">\n                            <time datetime=\"1. 9. 2025\">1. 9. 2025<\/time>\n                            <div class=\"eael-timeline-post-image\" style=\"background-image: url(https:\/\/www.pyrenejskypes.cz\/domains\/pyrenejskypes.cz\/wp-content\/uploads\/2025\/09\/28280C94-61D7-46E5-90C0-F6FE91FE20FF-1-300x284.jpg);\"><\/div><div class=\"eael-timeline-post-excerpt\">\n                                    <p>18.5.2025 &#8211; 47. Internationale Rassehunde-Ausstellungen, CAC, CACIB, Rieden\/Kreuth, DE Po...<\/p>\n                                <\/div><div class=\"eael-timeline-post-title\">\n                                    <h2>18.05. 2025 &#8211; 47. Internationale Rassehunde-Ausstellung, CACIB, Rieden \/ Kreuth, DE<\/h2>\n                                <\/div><\/a>\n                    <\/div>\n                <\/article><article class=\"eael-timeline-post eael-timeline-column\">\n                    <div class=\"eael-timeline-bullet\"><\/div>\n                    <div class=\"eael-timeline-post-inner\">\n                        <a class=\"eael-timeline-post-link\" href=\"https:\/\/www.pyrenejskypes.cz\/domains\/pyrenejskypes.cz\/2025\/08\/21\/krvp-stankov-8-5-2025\/\" title=\"KrVP, Sta\u0148kov \u2013 8.5. 2025\">\n                            <time datetime=\"21. 8. 2025\">21. 8. 2025<\/time>\n                            <div class=\"eael-timeline-post-image\" style=\"background-image: url(https:\/\/www.pyrenejskypes.cz\/domains\/pyrenejskypes.cz\/wp-content\/uploads\/2025\/09\/1E6C217B-93BA-43DA-912B-DB36F4A8FE57-300x225.jpg);\"><\/div><div class=\"eael-timeline-post-excerpt\">\n                                    <p>KrVP &#8211; REGIONAL DOG SHOW, Sta\u0148kov 8.5. 2025 Pravideln\u011b ve...<\/p>\n                                <\/div><div class=\"eael-timeline-post-title\">\n                                    <h2>KrVP, Sta\u0148kov \u2013 8.5. 2025<\/h2>\n                                <\/div><\/a>\n                    <\/div>\n                <\/article><article class=\"eael-timeline-post eael-timeline-column\">\n                    <div class=\"eael-timeline-bullet\"><\/div>\n                    <div class=\"eael-timeline-post-inner\">\n                        <a class=\"eael-timeline-post-link\" href=\"https:\/\/www.pyrenejskypes.cz\/domains\/pyrenejskypes.cz\/2025\/08\/20\/19-04-2025-kv-klub-pyrenejskych-plemen-brno-cz\/\" title=\"19.04. 2025 &#8211; KV Klub pyrenejsk\u00fdch plemen &#8211; Brno, CZ\">\n                            <time datetime=\"20. 8. 2025\">20. 8. 2025<\/time>\n                            <div class=\"eael-timeline-post-image\" style=\"background-image: url(https:\/\/www.pyrenejskypes.cz\/domains\/pyrenejskypes.cz\/wp-content\/uploads\/2025\/09\/494098430_986835990230956_6010889072880145866_n-220x300.jpg);\"><\/div><div class=\"eael-timeline-post-excerpt\">\n                                    <p>CLUB SHOW &#8211; The Club of The Pyrenean Breeds, Klub...<\/p>\n                                <\/div><div class=\"eael-timeline-post-title\">\n                                    <h2>19.04. 2025 &#8211; KV Klub pyrenejsk\u00fdch plemen &#8211; Brno, CZ<\/h2>\n                                <\/div><\/a>\n                    <\/div>\n                <\/article><article class=\"eael-timeline-post eael-timeline-column\">\n                    <div class=\"eael-timeline-bullet\"><\/div>\n                    <div class=\"eael-timeline-post-inner\">\n                        <a class=\"eael-timeline-post-link\" href=\"https:\/\/www.pyrenejskypes.cz\/domains\/pyrenejskypes.cz\/2025\/06\/25\/national-dog-show-brno-pri-eds-13-4-2025\/\" title=\"NATIONAL DOG SHOW BRNO p\u0159i EDS &#8211; 13.4. 2025\">\n                            <time datetime=\"25. 6. 2025\">25. 6. 2025<\/time>\n                            <div class=\"eael-timeline-post-image\" style=\"background-image: url(https:\/\/www.pyrenejskypes.cz\/domains\/pyrenejskypes.cz\/wp-content\/uploads\/2025\/06\/149D7518-30D3-4B69-AC41-A7206FC5D9FB-2-216x300.jpg);\"><\/div><div class=\"eael-timeline-post-excerpt\">\n                                    <p>NATIONAL DOG SHOW BRNO p\u0159i EDS &#8211; 13.4. 2025 Dnes...<\/p>\n                                <\/div><div class=\"eael-timeline-post-title\">\n                                    <h2>NATIONAL DOG SHOW BRNO p\u0159i EDS &#8211; 13.4. 2025<\/h2>\n                                <\/div><\/a>\n                    <\/div>\n                <\/article><article class=\"eael-timeline-post eael-timeline-column\">\n                    <div class=\"eael-timeline-bullet\"><\/div>\n                    <div class=\"eael-timeline-post-inner\">\n                        <a class=\"eael-timeline-post-link\" href=\"https:\/\/www.pyrenejskypes.cz\/domains\/pyrenejskypes.cz\/2025\/05\/25\/european-dog-show-brno-12-4-2025\/\" title=\"EUROPEAN DOG SHOW BRNO &#8211;  12.4. 2025\">\n                            <time datetime=\"25. 5. 2025\">25. 5. 2025<\/time>\n                            <div class=\"eael-timeline-post-image\" style=\"background-image: url(https:\/\/www.pyrenejskypes.cz\/domains\/pyrenejskypes.cz\/wp-content\/uploads\/2025\/01\/95b72b70-7f0b-4b47-a17d-241201a66b4a-300x225.jpg);\"><\/div><div class=\"eael-timeline-post-excerpt\">\n                                    <p>EUROPEAN DOG SHOW BRNO &#8211; 12.4. 2025 Dnes jsme se...<\/p>\n                                <\/div><div class=\"eael-timeline-post-title\">\n                                    <h2>EUROPEAN DOG SHOW BRNO &#8211;  12.4. 2025<\/h2>\n                                <\/div><\/a>\n                    <\/div>\n                <\/article><article class=\"eael-timeline-post eael-timeline-column\">\n                    <div class=\"eael-timeline-bullet\"><\/div>\n                    <div class=\"eael-timeline-post-inner\">\n                        <a class=\"eael-timeline-post-link\" href=\"https:\/\/www.pyrenejskypes.cz\/domains\/pyrenejskypes.cz\/2024\/12\/10\/iha-wels-2024-christmas-trophy-8-12-2024\/\" title=\"IHA WELS 2024 &#8211; CHRISTMAS TROPHY &#8211; 8.12. 2024\">\n                            <time datetime=\"10. 12. 2024\">10. 12. 2024<\/time>\n                            <div class=\"eael-timeline-post-image\" style=\"background-image: url(https:\/\/www.pyrenejskypes.cz\/domains\/pyrenejskypes.cz\/wp-content\/uploads\/2025\/01\/IMG_7953-225x300.jpg);\"><\/div><div class=\"eael-timeline-post-excerpt\">\n                                    <p>IHA WELS 2024 &#8211; CHRISTMAS WINNER &#8211; Wels, Austria &#8211;...<\/p>\n                                <\/div><div class=\"eael-timeline-post-title\">\n                                    <h2>IHA WELS 2024 &#8211; CHRISTMAS TROPHY &#8211; 8.12. 2024<\/h2>\n                                <\/div><\/a>\n                    <\/div>\n                <\/article><article class=\"eael-timeline-post eael-timeline-column\">\n                    <div class=\"eael-timeline-bullet\"><\/div>\n                    <div class=\"eael-timeline-post-inner\">\n                        <a class=\"eael-timeline-post-link\" href=\"https:\/\/www.pyrenejskypes.cz\/domains\/pyrenejskypes.cz\/2024\/12\/10\/iha-wels-2024-winter-trophy-7-12-2024\/\" title=\"IHA WELS 2024 &#8211; WINTER TROPHY &#8211; 7.12. 2024\">\n                            <time datetime=\"10. 12. 2024\">10. 12. 2024<\/time>\n                            <div class=\"eael-timeline-post-image\" style=\"background-image: url(https:\/\/www.pyrenejskypes.cz\/domains\/pyrenejskypes.cz\/wp-content\/uploads\/2025\/01\/IMG_7942-225x300.jpg);\"><\/div><div class=\"eael-timeline-post-excerpt\">\n                                    <p>IHA WELS 2024 &#8211; CACIB WINTER TROPHY &#8211; Wels, Austria...<\/p>\n                                <\/div><div class=\"eael-timeline-post-title\">\n                                    <h2>IHA WELS 2024 &#8211; WINTER TROPHY &#8211; 7.12. 2024<\/h2>\n                                <\/div><\/a>\n                    <\/div>\n                <\/article><article class=\"eael-timeline-post eael-timeline-column\">\n                    <div class=\"eael-timeline-bullet\"><\/div>\n                    <div class=\"eael-timeline-post-inner\">\n                        <a class=\"eael-timeline-post-link\" href=\"https:\/\/www.pyrenejskypes.cz\/domains\/pyrenejskypes.cz\/2024\/12\/03\/prague-expo-dog-praha-trio-cacib-1-12-2024\/\" title=\"PRAGUE EXPO DOG PRAHA TRIO CACIB &#8211;  1.12. 2024\">\n                            <time datetime=\"3. 12. 2024\">3. 12. 2024<\/time>\n                            <div class=\"eael-timeline-post-image\" style=\"background-image: url(https:\/\/www.pyrenejskypes.cz\/domains\/pyrenejskypes.cz\/wp-content\/uploads\/2025\/01\/95b72b70-7f0b-4b47-a17d-241201a66b4a-300x225.jpg);\"><\/div><div class=\"eael-timeline-post-excerpt\">\n                                    <p>International PRAGUE EXPO DOG PRAHA TRIO CACIB &#8211; 1.12. 2024...<\/p>\n                                <\/div><div class=\"eael-timeline-post-title\">\n                                    <h2>PRAGUE EXPO DOG PRAHA TRIO CACIB &#8211;  1.12. 2024<\/h2>\n                                <\/div><\/a>\n                    <\/div>\n                <\/article><article class=\"eael-timeline-post eael-timeline-column\">\n                    <div class=\"eael-timeline-bullet\"><\/div>\n                    <div class=\"eael-timeline-post-inner\">\n                        <a class=\"eael-timeline-post-link\" href=\"https:\/\/www.pyrenejskypes.cz\/domains\/pyrenejskypes.cz\/2024\/12\/03\/prague-expo-dog-praha-trio-cacib-30-11-2024\/\" title=\"PRAGUE EXPO DOG PRAHA TRIO CACIB &#8211;  30.11. 2024\">\n                            <time datetime=\"3. 12. 2024\">3. 12. 2024<\/time>\n                            <div class=\"eael-timeline-post-image\" style=\"background-image: url(https:\/\/www.pyrenejskypes.cz\/domains\/pyrenejskypes.cz\/wp-content\/uploads\/2025\/01\/IMG_4365-300x225.jpg);\"><\/div><div class=\"eael-timeline-post-excerpt\">\n                                    <p>International PRAGUE EXPO DOG PRAHA TRIO CACIB &#8211; 30.11. 2024...<\/p>\n                                <\/div><div class=\"eael-timeline-post-title\">\n                                    <h2>PRAGUE EXPO DOG PRAHA TRIO CACIB &#8211;  30.11. 2024<\/h2>\n                                <\/div><\/a>\n                    <\/div>\n                <\/article><article class=\"eael-timeline-post eael-timeline-column\">\n                    <div class=\"eael-timeline-bullet\"><\/div>\n                    <div class=\"eael-timeline-post-inner\">\n                        <a class=\"eael-timeline-post-link\" href=\"https:\/\/www.pyrenejskypes.cz\/domains\/pyrenejskypes.cz\/2024\/10\/24\/19-10-2024-kv-klub-pyrenejskych-plemen-brno-cz-2\/\" title=\"19.10. 2024 &#8211; KV Klub pyrenejsk\u00fdch plemen &#8211; Brno, CZ\">\n                            <time datetime=\"24. 10. 2024\">24. 10. 2024<\/time>\n                            <div class=\"eael-timeline-post-image\" style=\"background-image: url(https:\/\/www.pyrenejskypes.cz\/domains\/pyrenejskypes.cz\/wp-content\/uploads\/2024\/10\/IMG_7783-225x300.jpg);\"><\/div><div class=\"eael-timeline-post-excerpt\">\n                                    <p>CLUB SHOW &#8211; The Club of the Pyrenean Breeds, Klub...<\/p>\n                                <\/div><div class=\"eael-timeline-post-title\">\n                                    <h2>19.10. 2024 &#8211; KV Klub pyrenejsk\u00fdch plemen &#8211; Brno, CZ<\/h2>\n                                <\/div><\/a>\n                    <\/div>\n                <\/article><article class=\"eael-timeline-post eael-timeline-column\">\n                    <div class=\"eael-timeline-bullet\"><\/div>\n                    <div class=\"eael-timeline-post-inner\">\n                        <a class=\"eael-timeline-post-link\" href=\"https:\/\/www.pyrenejskypes.cz\/domains\/pyrenejskypes.cz\/2024\/10\/23\/mvp-ceske-budejovice-12-a-13-10-2024\/\" title=\"MVP  \u010cesk\u00e9 Bud\u011bjovice &#8211; 12. a 13.10. 2024\">\n                            <time datetime=\"23. 10. 2024\">23. 10. 2024<\/time>\n                            <div class=\"eael-timeline-post-image\" style=\"background-image: url(https:\/\/www.pyrenejskypes.cz\/domains\/pyrenejskypes.cz\/wp-content\/uploads\/2024\/10\/IMG_7622-225x300.jpg);\"><\/div><div class=\"eael-timeline-post-excerpt\">\n                                    <p>International Dog Show IHA \u010cesk\u00e9 Bud\u011bjovice 12.a 13.10. 2024 A...<\/p>\n                                <\/div><div class=\"eael-timeline-post-title\">\n                                    <h2>MVP  \u010cesk\u00e9 Bud\u011bjovice &#8211; 12. a 13.10. 2024<\/h2>\n                                <\/div><\/a>\n                    <\/div>\n                <\/article>\n\t\t    <\/div>\n\t\t<\/div>\t\t<\/div>\n\t\t\t\t<\/div>\n\t\t\t\t\t\t<\/div>\n\t\t\t<\/div>\n\t\t<\/div>\n\t\t\t\t\t\t<\/div>\n\t\t\t<\/div>\n\t\t<\/section>\n\t\t\t\t<section class=\"elementor-element elementor-element-d82d006 elementor-section-boxed elementor-section-height-default elementor-section-height-default elementor-section elementor-top-section\" data-id=\"d82d006\" data-element_type=\"section\">\n\t\t\t\t\t\t<div class=\"elementor-container elementor-column-gap-default\">\n\t\t\t\t<div class=\"elementor-row\">\n\t\t\t\t<div class=\"elementor-element elementor-element-75cb3aa elementor-column elementor-col-100 elementor-top-column\" data-id=\"75cb3aa\" data-element_type=\"column\">\n\t\t\t<div class=\"elementor-column-wrap  elementor-element-populated\">\n\t\t\t\t\t<div class=\"elementor-widget-wrap\">\n\t\t\t\t<div class=\"elementor-element elementor-element-48cae7c elementor-widget elementor-widget-spacer\" data-id=\"48cae7c\" data-element_type=\"widget\" data-widget_type=\"spacer.default\">\n\t\t\t\t<div class=\"elementor-widget-container\">\n\t\t\t\t\t<div class=\"elementor-spacer\">\n\t\t\t<div class=\"elementor-spacer-inner\"><\/div>\n\t\t<\/div>\n\t\t\t\t<\/div>\n\t\t\t\t<\/div>\n\t\t\t\t\t\t<\/div>\n\t\t\t<\/div>\n\t\t<\/div>\n\t\t\t\t\t\t<\/div>\n\t\t\t<\/div>\n\t\t<\/section>\n\t\t\t\t<section class=\"elementor-element elementor-element-c31df7d elementor-section-boxed elementor-section-height-default elementor-section-height-default elementor-section elementor-top-section\" data-id=\"c31df7d\" data-element_type=\"section\">\n\t\t\t\t\t\t<div class=\"elementor-container elementor-column-gap-default\">\n\t\t\t\t<div class=\"elementor-row\">\n\t\t\t\t<div class=\"elementor-element elementor-element-3d27b47 elementor-column elementor-col-100 elementor-top-column\" data-id=\"3d27b47\" data-element_type=\"column\">\n\t\t\t<div class=\"elementor-column-wrap  elementor-element-populated\">\n\t\t\t\t\t<div class=\"elementor-widget-wrap\">\n\t\t\t\t<div class=\"elementor-element elementor-element-a2fa8c6 elementor-invisible elementor-widget elementor-widget-eael-creative-button\" data-id=\"a2fa8c6\" data-element_type=\"widget\" data-settings=\"{&quot;_animation&quot;:&quot;none&quot;}\" data-widget_type=\"eael-creative-button.default\">\n\t\t\t\t<div class=\"elementor-widget-container\">\n\t\t\t\t<div class=\"eael-creative-button-wrapper\">\n\t\t\n\t\t<a class=\"eael-creative-button eael-creative-button--default\" href=\"http:\/\/pyrenejskypes.cz\/domains\/pyrenejskypes.cz\/old\/vystavy\/vystavy-2019\/iha-wels-doppel-cacib-austria-7-a-8-12-2019\" data-text=\"Go!\">\n\t\t\t\n\t\t\t<div class=\"creative-button-inner\">\n\t\t\t\t\n\t\t\t\t\t\t\t\t\t\t\t\t\t\t\t\t\t\t\t\t\t\t\t\t\t\t\t\t\t\t\t\t\t\t\t\t\t\n\t\t\t\t<span class=\"cretive-button-text\">Archiv v\u00fdstav<\/span>\n\n\t\t\t\t\n\t\t\t<\/div>\n\t\t<\/a>\n\t<\/div>\n\t\t\t<\/div>\n\t\t\t\t<\/div>\n\t\t\t\t\t\t<\/div>\n\t\t\t<\/div>\n\t\t<\/div>\n\t\t\t\t\t\t<\/div>\n\t\t\t<\/div>\n\t\t<\/section>\n\t\t\t\t<section class=\"elementor-element elementor-element-de93824 elementor-section-boxed elementor-section-height-default elementor-section-height-default elementor-section elementor-top-section\" data-id=\"de93824\" data-element_type=\"section\">\n\t\t\t\t\t\t<div class=\"elementor-container elementor-column-gap-default\">\n\t\t\t\t<div class=\"elementor-row\">\n\t\t\t\t<div class=\"elementor-element elementor-element-b89def7 elementor-column elementor-col-100 elementor-top-column\" data-id=\"b89def7\" data-element_type=\"column\">\n\t\t\t<div class=\"elementor-column-wrap  elementor-element-populated\">\n\t\t\t\t\t<div class=\"elementor-widget-wrap\">\n\t\t\t\t<div class=\"elementor-element elementor-element-ddacc97 elementor-widget elementor-widget-spacer\" data-id=\"ddacc97\" data-element_type=\"widget\" data-widget_type=\"spacer.default\">\n\t\t\t\t<div class=\"elementor-widget-container\">\n\t\t\t\t\t<div class=\"elementor-spacer\">\n\t\t\t<div class=\"elementor-spacer-inner\"><\/div>\n\t\t<\/div>\n\t\t\t\t<\/div>\n\t\t\t\t<\/div>\n\t\t\t\t\t\t<\/div>\n\t\t\t<\/div>\n\t\t<\/div>\n\t\t\t\t\t\t<\/div>\n\t\t\t<\/div>\n\t\t<\/section>\n\t\t\t\t\t\t<\/div>\n\t\t\t<\/div>\n\t\t<\/div>\n\t\t","protected":false},"excerpt":{"rendered":"<p>4. 12. 2021 MVP &#8211; INTERNATIONAL DOG SHOW &#8211; INTERDOG BOHEMIA CACIB Mlad\u00e1&#8230; MVP, INTERDOG BOHEMIA Mlad\u00e1 Boleslav \u2013 28.-29.8. 2021 4. 12. 2021 MVP &#8211; INTERNATIONAL DOG SHOW, DANUBE Bratislava 20 &#8211; 22.8&#8230;. MVP, DANUBE Bratislava \u2013 20. a 21.8. 2021 4. 12. 2021 NVP &#8211; NATIONAL DOG SHOW, [&hellip;]<\/p>\n","protected":false},"author":1,"featured_media":0,"parent":0,"menu_order":0,"comment_status":"closed","ping_status":"closed","template":"","meta":{"om_disable_all_campaigns":false,"_mi_skip_tracking":false},"aioseo_notices":[],"_links":{"self":[{"href":"https:\/\/www.pyrenejskypes.cz\/domains\/pyrenejskypes.cz\/wp-json\/wp\/v2\/pages\/115"}],"collection":[{"href":"https:\/\/www.pyrenejskypes.cz\/domains\/pyrenejskypes.cz\/wp-json\/wp\/v2\/pages"}],"about":[{"href":"https:\/\/www.pyrenejskypes.cz\/domains\/pyrenejskypes.cz\/wp-json\/wp\/v2\/types\/page"}],"author":[{"embeddable":true,"href":"https:\/\/www.pyrenejskypes.cz\/domains\/pyrenejskypes.cz\/wp-json\/wp\/v2\/users\/1"}],"replies":[{"embeddable":true,"href":"https:\/\/www.pyrenejskypes.cz\/domains\/pyrenejskypes.cz\/wp-json\/wp\/v2\/comments?post=115"}],"version-history":[{"count":12,"href":"https:\/\/www.pyrenejskypes.cz\/domains\/pyrenejskypes.cz\/wp-json\/wp\/v2\/pages\/115\/revisions"}],"predecessor-version":[{"id":9891,"href":"https:\/\/www.pyrenejskypes.cz\/domains\/pyrenejskypes.cz\/wp-json\/wp\/v2\/pages\/115\/revisions\/9891"}],"wp:attachment":[{"href":"https:\/\/www.pyrenejskypes.cz\/domains\/pyrenejskypes.cz\/wp-json\/wp\/v2\/media?parent=115"}],"curies":[{"name":"wp","href":"https:\/\/api.w.org\/{rel}","templated":true}]}}